{"id":377,"date":"2019-01-31T10:02:12","date_gmt":"2019-01-31T09:02:12","guid":{"rendered":"http:\/\/zwinger-vom-saechsischen-elbland.de\/wordpress\/?page_id=377"},"modified":"2020-12-14T14:27:57","modified_gmt":"2020-12-14T13:27:57","slug":"welpen","status":"publish","type":"page","link":"https:\/\/zwinger-vom-saechsischen-elbland.de\/wordpress\/welpen\/","title":{"rendered":"Welpen"},"content":{"rendered":"<div\n\t\t\t\n\t\t\tclass=\"so-widget-sow-image-grid so-widget-sow-image-grid-default-0b0a5dbd502b\"\n\t\t\t\n\t\t><\/div>\n\n\n<div class=\"wp-block-cover alignfull has-background-dim\" style=\"background-image:url(http:\/\/zwinger-vom-saechsischen-elbland.de\/wordpress\/wp-content\/uploads\/2019\/03\/6ec427a8-eaff-5303-991a-c93268025302-1024x683.jpg)\"><div class=\"wp-block-cover__inner-container\">\n<p class=\"has-text-align-center has-large-font-size\"><\/p>\n<\/div><\/div>\n\n\n\n<p><\/p>\n\n\n\n<p>Meine Zucht ist eine Hobbyzucht; das hei\u00dft, ich bin nicht auf den Erl\u00f6s aus dem Verkauf der Welpen angewiesen. Sie dient nicht als Lebensunterhalt. <br> <br> Die Auswahl der R\u00fcden f\u00fcr den A- und B-Wurf war ein Gl\u00fccksfall. F\u00fcr Ayla\u00b4s zweiten Wurf (C-Wurf) gestaltete sich die Suche schwieriger. Sorgf\u00e4ltig suchten wir nicht nur nach Felll\u00e4nge, nach der Mitgliedschaft in unserem Verein. Wir legten gro\u00dfes Augenmerk auf die passenden Gesundheitswerte und den Ahnenkoeffizienten. F\u00fcr den <a href=\"https:\/\/zwinger-vom-saechsischen-elbland.de\/wordpress\/d-wurf\/\" target=\"_blank\" rel=\"noreferrer noopener\">D-Wurf<\/a> haben wir wieder <a href=\"https:\/\/zwinger-vom-saechsischen-elbland.de\/wordpress\/deckruede-aik-vom-aachtobel\/\" data-type=\"page\" data-id=\"1882\">Aik <\/a>ausgew\u00e4hlt, weil da auch eine liebevolle Verbindung bestand.<br> <br> Es ist wichtig, dass wir uns vor Ihrer Kaufentscheidung kennenlernen: Sie uns \u2013 Wir Sie. <br> <br> Es ist wichtig was es bedeutet, einen Wei\u00dfen Sch\u00e4ferhund zu halten. Auszubilden. Es ist mir wichtig, wie er wohnt, was er frisst, wenn ich ihn in Ihre H\u00e4nde gebe. Scheuen Sie sich nicht, anzurufen, uns vor der Geburt kennenzulernen. Danach wird dies erst ab der 3.Woche m\u00f6glich sein, um das Risiko von gesundheitlichen Risiken zu minimieren. <\/p>\n\n\n\n<p>Lernen Sie Besitzer der vorangegangenen W\u00fcrfe kennen.  <br>Vor dem Umzug in das neue Zuhause werden die Welpen vom Tierarzt geimpft, gechipt und vom Zuchtwart unseres Vereins \u201eabgenommen\u201c. Das hei\u00dft, sie bekommen eine Zuchtbuchnummer, die den Erhalt der \u201eso genannten\u201c Papiere berechtigt: die Ahnentafel.  Sie wurden nach der Empfehlung des Tierarztes entwurmt.<br><\/p>\n\n\n\n<figure class=\"wp-block-image is-resized\"><img loading=\"lazy\" src=\"http:\/\/zwinger-vom-saechsischen-elbland.de\/wordpress\/wp-content\/uploads\/2019\/03\/B-Wurf-Welpen-machen-Pause-1024x768.jpg\" alt=\"\" class=\"wp-image-1813\" width=\"255\" height=\"191\" srcset=\"https:\/\/zwinger-vom-saechsischen-elbland.de\/wordpress\/wp-content\/uploads\/2019\/03\/B-Wurf-Welpen-machen-Pause-1024x768.jpg 1024w, https:\/\/zwinger-vom-saechsischen-elbland.de\/wordpress\/wp-content\/uploads\/2019\/03\/B-Wurf-Welpen-machen-Pause-300x225.jpg 300w, https:\/\/zwinger-vom-saechsischen-elbland.de\/wordpress\/wp-content\/uploads\/2019\/03\/B-Wurf-Welpen-machen-Pause-768x576.jpg 768w\" sizes=\"(max-width: 255px) 100vw, 255px\" \/><\/figure>\n\n\n\n<figure class=\"wp-block-image alignfull\"><img loading=\"lazy\" width=\"1024\" height=\"18\" src=\"http:\/\/zwinger-vom-saechsischen-elbland.de\/wordpress\/wp-content\/uploads\/2019\/01\/Linie-1-1024x18.png\" alt=\"\" class=\"wp-image-593\" srcset=\"https:\/\/zwinger-vom-saechsischen-elbland.de\/wordpress\/wp-content\/uploads\/2019\/01\/Linie-1-1024x18.png 1024w, https:\/\/zwinger-vom-saechsischen-elbland.de\/wordpress\/wp-content\/uploads\/2019\/01\/Linie-1-300x5.png 300w, https:\/\/zwinger-vom-saechsischen-elbland.de\/wordpress\/wp-content\/uploads\/2019\/01\/Linie-1-768x14.png 768w, https:\/\/zwinger-vom-saechsischen-elbland.de\/wordpress\/wp-content\/uploads\/2019\/01\/Linie-1.png 1903w\" sizes=\"(max-width: 1024px) 100vw, 1024px\" \/><\/figure>\n\n\n<div\n\t\t\t\n\t\t\tclass=\"so-widget-sow-editor so-widget-sow-editor-base\"\n\t\t\t\n\t\t>\n<div class=\"siteorigin-widget-tinymce textwidget\">\n\t<\/div>\n<\/div>\n\n<div\n\t\t\t\n\t\t\tclass=\"so-widget-sow-image-grid so-widget-sow-image-grid-default-0b0a5dbd502b\"\n\t\t\t\n\t\t>\t<div\n\t\tclass=\"sow-image-grid-wrapper\"\n\t\t\t\t\t>\n\t\t\t\t\t<div class=\"sow-image-grid-image\">\n\t\t\t\t\t\t\t\t\t\t\t\t\t<a href=\"https:\/\/www.wuehltischwelpen.de\"\n\t\t\t\t\t\t\t\t\t\t\t\t\t\t\t\t\t\ttarget=\"_blank\" \t\t\t\t\t\t\t\t\t\t\t\t\t\t\t\t\t\t\t\t\t\t\t\trel=\"noopener noreferrer\" \t\t\t\t\t\t\t\t\t\t\t>\n\t\t\t\t\t\t\t\t<img width=\"406\" height=\"407\" src=\"https:\/\/zwinger-vom-saechsischen-elbland.de\/wordpress\/wp-content\/uploads\/2019\/03\/logo-2.png\" class=\"sow-image-grid-image_html\" alt=\"\" loading=\"lazy\" title=\"W\u00fchltischwelpen nein danke! Nein zum Handel \u2013 Ja zum Tierschutz\" srcset=\"https:\/\/zwinger-vom-saechsischen-elbland.de\/wordpress\/wp-content\/uploads\/2019\/03\/logo-2.png 406w, https:\/\/zwinger-vom-saechsischen-elbland.de\/wordpress\/wp-content\/uploads\/2019\/03\/logo-2-150x150.png 150w, https:\/\/zwinger-vom-saechsischen-elbland.de\/wordpress\/wp-content\/uploads\/2019\/03\/logo-2-300x300.png 300w, https:\/\/zwinger-vom-saechsischen-elbland.de\/wordpress\/wp-content\/uploads\/2019\/03\/logo-2-50x50.png 50w\" sizes=\"(max-width: 406px) 100vw, 406px\" \/>\t\t\t\t\t\t\t\t\t<\/a>\n\t\t\t\t\t\t\t\t\t\t\t<\/div>\n\t\t\t<\/div>\n<\/div>","protected":false},"excerpt":{"rendered":"<p>Meine Zucht ist eine Hobbyzucht; das hei\u00dft, ich bin nicht auf den Erl\u00f6s aus dem Verkauf der Welpen angewiesen. Sie dient nicht als Lebensunterhalt. Die Auswahl der R\u00fcden f\u00fcr den A- und B-Wurf war ein Gl\u00fccksfall. F\u00fcr Ayla\u00b4s zweiten Wurf &hellip; <a href=\"https:\/\/zwinger-vom-saechsischen-elbland.de\/wordpress\/welpen\/\" class=\"more-link\"><span>Weiterlesen<span class=\"screen-reader-text\">Welpen<\/span><\/span><\/a><\/p>\n","protected":false},"author":1,"featured_media":0,"parent":0,"menu_order":0,"comment_status":"closed","ping_status":"closed","template":"","meta":[],"_links":{"self":[{"href":"https:\/\/zwinger-vom-saechsischen-elbland.de\/wordpress\/wp-json\/wp\/v2\/pages\/377"}],"collection":[{"href":"https:\/\/zwinger-vom-saechsischen-elbland.de\/wordpress\/wp-json\/wp\/v2\/pages"}],"about":[{"href":"https:\/\/zwinger-vom-saechsischen-elbland.de\/wordpress\/wp-json\/wp\/v2\/types\/page"}],"author":[{"embeddable":true,"href":"https:\/\/zwinger-vom-saechsischen-elbland.de\/wordpress\/wp-json\/wp\/v2\/users\/1"}],"replies":[{"embeddable":true,"href":"https:\/\/zwinger-vom-saechsischen-elbland.de\/wordpress\/wp-json\/wp\/v2\/comments?post=377"}],"version-history":[{"count":32,"href":"https:\/\/zwinger-vom-saechsischen-elbland.de\/wordpress\/wp-json\/wp\/v2\/pages\/377\/revisions"}],"predecessor-version":[{"id":2548,"href":"https:\/\/zwinger-vom-saechsischen-elbland.de\/wordpress\/wp-json\/wp\/v2\/pages\/377\/revisions\/2548"}],"wp:attachment":[{"href":"https:\/\/zwinger-vom-saechsischen-elbland.de\/wordpress\/wp-json\/wp\/v2\/media?parent=377"}],"curies":[{"name":"wp","href":"https:\/\/api.w.org\/{rel}","templated":true}]}}