{"id":322,"date":"2016-08-15T14:00:42","date_gmt":"2016-08-15T12:00:42","guid":{"rendered":"http:\/\/zwinger-vom-saechsischen-elbland.de\/wordpress\/?page_id=322"},"modified":"2020-10-29T11:13:01","modified_gmt":"2020-10-29T10:13:01","slug":"was-kostet-ein-hund","status":"publish","type":"page","link":"https:\/\/zwinger-vom-saechsischen-elbland.de\/wordpress\/welpen\/was-kostet-ein-hund\/","title":{"rendered":"Was kostet ein Hund?"},"content":{"rendered":"\n<div class=\"wp-block-cover alignfull has-background-dim\" style=\"background-image:url(http:\/\/zwinger-vom-saechsischen-elbland.de\/wordpress\/wp-content\/uploads\/2019\/03\/13e54252-0fd7-8a62-c7d1-e0709e3498f0.png)\"><div class=\"wp-block-cover__inner-container\">\n<p class=\"has-text-align-center has-large-font-size\"><\/p>\n<\/div><\/div>\n\n\n\n<p>Bevor man sich einen Hund anschafft, sollte man sich (auch) dar\u00fcber informieren, wieviel Geld der Hund kosten wird. Mit der Anschaffung des Hundes fangen die Ausgaben ja erst an.<\/p>\n\n\n\n<h6 class=\"has-text-align-center\"><strong>Was kostet eigentlich so ein wei\u00dfer Sch\u00e4ferhund?&nbsp;&nbsp;&nbsp;&nbsp;<\/strong><\/h6>\n\n\n\n<div class=\"wp-block-image is-style-default\"><figure class=\"aligncenter\"><img loading=\"lazy\" width=\"880\" height=\"926\" src=\"http:\/\/zwinger-vom-saechsischen-elbland.de\/wordpress\/wp-content\/uploads\/2019\/03\/WhatsApp-Image-2019-03-04-at-15.14.53.jpeg\" alt=\"\" class=\"wp-image-1331\" srcset=\"https:\/\/zwinger-vom-saechsischen-elbland.de\/wordpress\/wp-content\/uploads\/2019\/03\/WhatsApp-Image-2019-03-04-at-15.14.53.jpeg 880w, https:\/\/zwinger-vom-saechsischen-elbland.de\/wordpress\/wp-content\/uploads\/2019\/03\/WhatsApp-Image-2019-03-04-at-15.14.53-285x300.jpeg 285w, https:\/\/zwinger-vom-saechsischen-elbland.de\/wordpress\/wp-content\/uploads\/2019\/03\/WhatsApp-Image-2019-03-04-at-15.14.53-768x808.jpeg 768w\" sizes=\"(max-width: 880px) 100vw, 880px\" \/><\/figure><\/div>\n\n\n\n<p>Die vorliegende Aufstellung beruht auf Erfahrungswerten. Der Preis f\u00fcr einen wei\u00dfen Schweizer Sch\u00e4ferhund ist nach oben unbegrenzt. Dazu kommen unter anderem j\u00e4hrliche Mehrkosten bei Reisen und Hotelaufenthalt mit der Familie&#8230; \ud83d\ude42<\/p>\n\n\n\n<p>Obwohl sich finanzielle Probleme wegen gr\u00f6\u00dferer Urlaubsreisen, anspruchsvollem Ehepartner oder Daueraufenthalten der Schwiegermutter durch die Haltung meist von selbst erledigen, ist diese Hunderasse somit den Privilegierten vorbehalten.<\/p>\n\n\n\n<p>Und denke daran: Wenn dir auf dem n\u00e4chsten Spaziergang ein mit Dreck bespritzter Mensch in Gummistiefeln und einem wei\u00dfen Hund (ohne Leine) im Schlepptau begegnet, handelt es sich nicht um einen Asozialen, sondern mindestens um den Filialleiter der \u00f6rtlichen Sparkasse. Der wird dich beim Gespr\u00e4ch unter vier Augen l\u00e4chelnd \u00fcber die Ausz\u00fcge deines gesperrten Girokontos gebeugt fragen: &#8220;Ja, wussten Sie denn nicht, was so ein wei\u00dfer Schweizer Sch\u00e4ferhund kostet?&#8221; \ud83d\ude42 \ud83d\ude42<\/p>\n\n\n\n<p>Seri\u00f6sere Informationen bekommen Sie <u><a href=\"http:\/\/www.vdh.de\/welpen\/zeitbedarf-und-finanzieller-aufwand\">hier<\/a><\/u><\/p>\n\n\n\n<div class=\"wp-block-image\"><figure class=\"aligncenter\"><a href=\"https:\/\/zwinger-vom-saechsischen-elbland.de\/wordpress\/wp-content\/uploads\/2019\/03\/04e7e754-efd7-b6db-2021-1b3a422f20b0.jpg\" target=\"_blank\" rel=\"noreferrer noopener\"><img loading=\"lazy\" width=\"1024\" height=\"768\" src=\"http:\/\/zwinger-vom-saechsischen-elbland.de\/wp-content\/uploads\/2019\/03\/04e7e754-efd7-b6db-2021-1b3a422f20b0-1024x768.jpg\" alt=\"\" class=\"wp-image-1272\" srcset=\"https:\/\/zwinger-vom-saechsischen-elbland.de\/wordpress\/wp-content\/uploads\/2019\/03\/04e7e754-efd7-b6db-2021-1b3a422f20b0-1024x768.jpg 1024w, https:\/\/zwinger-vom-saechsischen-elbland.de\/wordpress\/wp-content\/uploads\/2019\/03\/04e7e754-efd7-b6db-2021-1b3a422f20b0-300x225.jpg 300w, https:\/\/zwinger-vom-saechsischen-elbland.de\/wordpress\/wp-content\/uploads\/2019\/03\/04e7e754-efd7-b6db-2021-1b3a422f20b0-768x576.jpg 768w\" sizes=\"(max-width: 1024px) 100vw, 1024px\" \/><\/a><\/figure><\/div>\n","protected":false},"excerpt":{"rendered":"<p>Bevor man sich einen Hund anschafft, sollte man sich (auch) dar\u00fcber informieren, wieviel Geld der Hund kosten wird. Mit der Anschaffung des Hundes fangen die Ausgaben ja erst an. Was kostet eigentlich so ein wei\u00dfer Sch\u00e4ferhund?&nbsp;&nbsp;&nbsp;&nbsp; Die vorliegende Aufstellung beruht &hellip; <a href=\"https:\/\/zwinger-vom-saechsischen-elbland.de\/wordpress\/welpen\/was-kostet-ein-hund\/\" class=\"more-link\"><span>Weiterlesen<span class=\"screen-reader-text\">Was kostet ein Hund?<\/span><\/span><\/a><\/p>\n","protected":false},"author":1,"featured_media":0,"parent":377,"menu_order":2,"comment_status":"closed","ping_status":"closed","template":"","meta":[],"_links":{"self":[{"href":"https:\/\/zwinger-vom-saechsischen-elbland.de\/wordpress\/wp-json\/wp\/v2\/pages\/322"}],"collection":[{"href":"https:\/\/zwinger-vom-saechsischen-elbland.de\/wordpress\/wp-json\/wp\/v2\/pages"}],"about":[{"href":"https:\/\/zwinger-vom-saechsischen-elbland.de\/wordpress\/wp-json\/wp\/v2\/types\/page"}],"author":[{"embeddable":true,"href":"https:\/\/zwinger-vom-saechsischen-elbland.de\/wordpress\/wp-json\/wp\/v2\/users\/1"}],"replies":[{"embeddable":true,"href":"https:\/\/zwinger-vom-saechsischen-elbland.de\/wordpress\/wp-json\/wp\/v2\/comments?post=322"}],"version-history":[{"count":19,"href":"https:\/\/zwinger-vom-saechsischen-elbland.de\/wordpress\/wp-json\/wp\/v2\/pages\/322\/revisions"}],"predecessor-version":[{"id":2398,"href":"https:\/\/zwinger-vom-saechsischen-elbland.de\/wordpress\/wp-json\/wp\/v2\/pages\/322\/revisions\/2398"}],"up":[{"embeddable":true,"href":"https:\/\/zwinger-vom-saechsischen-elbland.de\/wordpress\/wp-json\/wp\/v2\/pages\/377"}],"wp:attachment":[{"href":"https:\/\/zwinger-vom-saechsischen-elbland.de\/wordpress\/wp-json\/wp\/v2\/media?parent=322"}],"curies":[{"name":"wp","href":"https:\/\/api.w.org\/{rel}","templated":true}]}}